{"id":6343,"date":"2022-08-17T09:10:38","date_gmt":"2022-08-17T07:10:38","guid":{"rendered":"http:\/\/dev.aspttcaenvolley.fr\/?page_id=6343"},"modified":"2025-10-07T14:45:24","modified_gmt":"2025-10-07T12:45:24","slug":"inscriptions","status":"publish","type":"page","link":"https:\/\/aspttcaenvolley.fr\/index.php\/inscriptions\/","title":{"rendered":"INSCRIPTIONS"},"content":{"rendered":"\t\t<div data-elementor-type=\"wp-page\" data-elementor-id=\"6343\" class=\"elementor elementor-6343\">\n\t\t\t\t\t\t<section class=\"has_eae_slider elementor-section elementor-inner-section elementor-element elementor-element-2507ab13 elementor-section-boxed elementor-section-height-default elementor-section-height-default\" data-eae-slider=\"17790\" data-id=\"2507ab13\" data-element_type=\"section\" data-settings=\"{&quot;background_background&quot;:&quot;classic&quot;}\">\n\t\t\t\t\t\t<div class=\"elementor-container elementor-column-gap-default\">\n\t\t\t\t\t<div class=\"has_eae_slider elementor-column elementor-col-100 elementor-inner-column elementor-element elementor-element-2f5ef15b col-match-live\" data-eae-slider=\"66289\" data-id=\"2f5ef15b\" data-element_type=\"column\">\n\t\t\t<div class=\"elementor-widget-wrap elementor-element-populated\">\n\t\t\t\t\t\t<div class=\"elementor-element elementor-element-403f7e55 infos-pratiques elementor-widget elementor-widget-heading\" data-id=\"403f7e55\" data-element_type=\"widget\" data-widget_type=\"heading.default\">\n\t\t\t\t<div class=\"elementor-widget-container\">\n\t\t\t\t\t<h1 class=\"elementor-heading-title elementor-size-default\">INSCRIPTIONS<\/h1>\t\t\t\t<\/div>\n\t\t\t\t<\/div>\n\t\t\t\t<div class=\"elementor-element elementor-element-1a4419f elementor-widget elementor-widget-text-editor\" data-id=\"1a4419f\" data-element_type=\"widget\" data-widget_type=\"text-editor.default\">\n\t\t\t\t<div class=\"elementor-widget-container\">\n\t\t\t\t\t\t\t\t\t<p>Vous trouverez ci-dessous toutes les informations concernant l&rsquo;adh\u00e9sion \u00e0 notre club, les documents \u00e0 fournir et les tarifs d&rsquo;adh\u00e9sion.<\/p><p>La carte pour situer notre gymnase et un formulaire de contact sont \u00e0 votre disposition dans la rubrique <strong><a href=\"https:\/\/aspttcaenvolley.fr\/index.php\/infos-pratiques\/\">Infos pratiques<\/a><\/strong>.<\/p>\t\t\t\t\t\t\t\t<\/div>\n\t\t\t\t<\/div>\n\t\t\t\t\t<\/div>\n\t\t<\/div>\n\t\t\t\t\t<\/div>\n\t\t<\/section>\n\t\t\t\t<section class=\"has_eae_slider elementor-section elementor-inner-section elementor-element elementor-element-4a382e69 elementor-section-boxed elementor-section-height-default elementor-section-height-default\" data-eae-slider=\"22907\" data-id=\"4a382e69\" data-element_type=\"section\">\n\t\t\t\t\t\t<div class=\"elementor-container elementor-column-gap-default\">\n\t\t\t\t\t<div class=\"has_eae_slider elementor-column elementor-col-100 elementor-inner-column elementor-element elementor-element-50564a24 pratiques\" data-eae-slider=\"72929\" data-id=\"50564a24\" data-element_type=\"column\">\n\t\t\t<div class=\"elementor-widget-wrap elementor-element-populated\">\n\t\t\t\t\t\t<div class=\"elementor-element elementor-element-734769d5 elementor-widget elementor-widget-heading\" data-id=\"734769d5\" data-element_type=\"widget\" data-widget_type=\"heading.default\">\n\t\t\t\t<div class=\"elementor-widget-container\">\n\t\t\t\t\t<h2 class=\"elementor-heading-title elementor-size-default\">INSCRIPTIONS 2025-2026<\/h2>\t\t\t\t<\/div>\n\t\t\t\t<\/div>\n\t\t\t\t<div class=\"elementor-element elementor-element-4e4d046f elementor-widget-divider--view-line elementor-widget elementor-widget-divider\" data-id=\"4e4d046f\" data-element_type=\"widget\" data-widget_type=\"divider.default\">\n\t\t\t\t<div class=\"elementor-widget-container\">\n\t\t\t\t\t\t\t<div class=\"elementor-divider\">\n\t\t\t<span class=\"elementor-divider-separator\">\n\t\t\t\t\t\t<\/span>\n\t\t<\/div>\n\t\t\t\t\t\t<\/div>\n\t\t\t\t<\/div>\n\t\t\t\t\t<\/div>\n\t\t<\/div>\n\t\t\t\t\t<\/div>\n\t\t<\/section>\n\t\t\t\t<section class=\"has_eae_slider elementor-section elementor-top-section elementor-element elementor-element-b455a61 elementor-section-boxed elementor-section-height-default elementor-section-height-default\" data-eae-slider=\"33174\" data-id=\"b455a61\" data-element_type=\"section\">\n\t\t\t\t\t\t<div class=\"elementor-container elementor-column-gap-default\">\n\t\t\t\t\t<div class=\"has_eae_slider elementor-column elementor-col-100 elementor-top-column elementor-element elementor-element-954ef3c\" data-eae-slider=\"57366\" data-id=\"954ef3c\" data-element_type=\"column\">\n\t\t\t<div class=\"elementor-widget-wrap elementor-element-populated\">\n\t\t\t\t\t\t<div class=\"elementor-element elementor-element-e3fc392 elementor-widget elementor-widget-text-editor\" data-id=\"e3fc392\" data-element_type=\"widget\" data-widget_type=\"text-editor.default\">\n\t\t\t\t<div class=\"elementor-widget-container\">\n\t\t\t\t\t\t\t\t\t<p>Nous allons utiliser \u00e0 nouveau l&rsquo;application MonClub pour g\u00e9rer nos adh\u00e9sions cette ann\u00e9e.<br>\nSi vous constatez une anomalie ou avez des questions, merci d&rsquo;envoyer un mail \u00e0 <a href=\"mailto:contact@aspttcaenvolley.fr\">contact@aspttcaenvolley.fr<\/a>.<\/p>\n<p>&nbsp;<br>\n<br><b>A partir du 5 octobre 2025, si vous n&rsquo;avez pas d\u00e9j\u00e0 fait un essai dans notre club, merci d&rsquo;envoyer un mail au pr\u00e9alable en pr\u00e9cisant vos nom, pr\u00e9nom, ann\u00e9e de naissance et la cat\u00e9gorie\/activit\u00e9 souhait\u00e9e afin de v\u00e9rifier au pr\u00e9alable s&rsquo;il reste de la place.<\/b><\/p>\t\t\t\t\t\t\t\t<\/div>\n\t\t\t\t<\/div>\n\t\t\t\t<div class=\"elementor-element elementor-element-18f42a9 elementor-widget elementor-widget-text-editor\" data-id=\"18f42a9\" data-element_type=\"widget\" data-widget_type=\"text-editor.default\">\n\t\t\t\t<div class=\"elementor-widget-container\">\n\t\t\t\t\t\t\t\t\t<p>Vous pouvez consulter la charte du volleyeur\u00a0<span style=\"text-decoration: underline;\"><a href=\"https:\/\/aspttcaenvolley.fr\/wp-content\/uploads\/2024\/09\/Charte-volleyeur-ASPTT-2024.pdf\" target=\"_blank\" rel=\"noopener\">avec ce lien<\/a><\/span>. Cette charte concerne autant les jeunes que les adultes.<\/p>\t\t\t\t\t\t\t\t<\/div>\n\t\t\t\t<\/div>\n\t\t\t\t\t<\/div>\n\t\t<\/div>\n\t\t\t\t\t<\/div>\n\t\t<\/section>\n\t\t\t\t<section class=\"has_eae_slider elementor-section elementor-top-section elementor-element elementor-element-0af6ffc elementor-section-boxed elementor-section-height-default elementor-section-height-default\" data-eae-slider=\"95004\" data-id=\"0af6ffc\" data-element_type=\"section\">\n\t\t\t\t\t\t<div class=\"elementor-container elementor-column-gap-default\">\n\t\t\t\t\t<div class=\"has_eae_slider elementor-column elementor-col-100 elementor-top-column elementor-element elementor-element-21887ac\" data-eae-slider=\"26809\" data-id=\"21887ac\" data-element_type=\"column\">\n\t\t\t<div class=\"elementor-widget-wrap elementor-element-populated\">\n\t\t\t\t\t\t<div class=\"elementor-element elementor-element-23e36c6a elementor-widget elementor-widget-text-editor\" data-id=\"23e36c6a\" data-element_type=\"widget\" data-widget_type=\"text-editor.default\">\n\t\t\t\t<div class=\"elementor-widget-container\">\n\t\t\t\t\t\t\t\t\t<p>Pour tous les jeunes souhaitant \u00e9voluer en comp\u00e9tition en cat\u00e9gorie sup\u00e9rieure \u00e0 la sienne, il est indispensable d&rsquo;avoir un certificat m\u00e9dical de simple surclassement voire double surclassement. En cas de doute, merci d&rsquo;\u00e9changer avec les entra\u00eeneurs pour confirmer le type de certificat \u00e0 fournir.<\/p>\t\t\t\t\t\t\t\t<\/div>\n\t\t\t\t<\/div>\n\t\t\t\t<div class=\"elementor-element elementor-element-09e6c89 elementor-widget elementor-widget-text-editor\" data-id=\"09e6c89\" data-element_type=\"widget\" data-widget_type=\"text-editor.default\">\n\t\t\t\t<div class=\"elementor-widget-container\">\n\t\t\t\t\t\t\t\t\t<p>Les certificats m\u00e9dicaux sont accessibles avec les liens ci-dessous :<\/p><p><span style=\"text-decoration: underline;\"><a href=\"http:\/\/extranet.ffvb.org\/data\/Files\/documents\/medical\/FFvolley_CERTIFICAT_MEDICAL_A.pdf\">Certificat d&rsquo;absence de contre-indication m\u00e9dicale<\/a><\/span><\/p><p><span style=\"text-decoration: underline;\"><a href=\"http:\/\/extranet.ffvb.org\/data\/Files\/documents\/medical\/FFvolley_CERTIFICAT_MEDICAL_A.pdf\">Certificat m\u00e9dical de simple surclassement<\/a><\/span><\/p><p><span style=\"text-decoration: underline;\"><a href=\"http:\/\/extranet.ffvb.org\/data\/Files\/documents\/medical\/FFvolley_CERTIFICAT_MEDICAL_B.pdf\">Certificat m\u00e9dical de double surclassement<\/a><\/span><\/p><p><span style=\"text-decoration: underline;\"><a href=\"http:\/\/extranet.ffvb.org\/data\/Files\/documents\/medical\/FFvolley_CERTIFICAT_MEDICAL_C.pdf\">Certificat m\u00e9dical de triple surclassement<\/a> &#8211;\u00a0<a href=\"https:\/\/www.volleyballnormand.fr\/app\/download\/8169432162\/dossier%20de%20candidature%20pour%20triple%20surclassement%20LNVB%202022.pdf?t=1690535758\">Dossier de triple surclassement<\/a> &#8211; <a href=\"https:\/\/www.volleyballnormand.fr\/docs\/m%C3%A9dicale\/\">explications sur le triple surclassement<\/a><\/span><\/p><p><span style=\"text-decoration: underline;\"><a href=\"http:\/\/extranet.ffvb.org\/data\/Files\/documents\/medical\/FFvolley_CERTIFICAT_MEDICAL_ENCADREMENT.pdf\">Certificat m\u00e9dical arbitre et \u00e9ducateur sportif<\/a><\/span><\/p><p><span style=\"text-decoration: underline;\"><a href=\"http:\/\/extranet.ffvb.org\/data\/Files\/documents\/medical\/FFvolley_CERTIFICAT_MEDICAL_VOLLEY_SANTE.pdf\">Certificat m\u00e9dical Volley Sant\u00e9<\/a><\/span><\/p>\t\t\t\t\t\t\t\t<\/div>\n\t\t\t\t<\/div>\n\t\t\t\t\t<\/div>\n\t\t<\/div>\n\t\t\t\t\t<\/div>\n\t\t<\/section>\n\t\t\t\t<section class=\"has_eae_slider elementor-section elementor-inner-section elementor-element elementor-element-d509eba elementor-section-boxed elementor-section-height-default elementor-section-height-default\" data-eae-slider=\"16104\" data-id=\"d509eba\" data-element_type=\"section\" data-settings=\"{&quot;background_background&quot;:&quot;classic&quot;}\">\n\t\t\t\t\t\t<div class=\"elementor-container elementor-column-gap-default\">\n\t\t\t\t\t<div class=\"has_eae_slider elementor-column elementor-col-100 elementor-inner-column elementor-element elementor-element-b1b1b32 pratiques\" data-eae-slider=\"13909\" data-id=\"b1b1b32\" data-element_type=\"column\">\n\t\t\t<div class=\"elementor-widget-wrap elementor-element-populated\">\n\t\t\t\t\t\t<div class=\"elementor-element elementor-element-161eb4e elementor-widget elementor-widget-heading\" data-id=\"161eb4e\" data-element_type=\"widget\" data-widget_type=\"heading.default\">\n\t\t\t\t<div class=\"elementor-widget-container\">\n\t\t\t\t\t<h2 class=\"elementor-heading-title elementor-size-default\">R\u00c9DUCTIONS JEUNES<\/h2>\t\t\t\t<\/div>\n\t\t\t\t<\/div>\n\t\t\t\t\t<\/div>\n\t\t<\/div>\n\t\t\t\t\t<\/div>\n\t\t<\/section>\n\t\t\t\t<section class=\"has_eae_slider elementor-section elementor-top-section elementor-element elementor-element-903c245 elementor-section-boxed elementor-section-height-default elementor-section-height-default\" data-eae-slider=\"91846\" data-id=\"903c245\" data-element_type=\"section\" data-settings=\"{&quot;background_background&quot;:&quot;classic&quot;}\">\n\t\t\t\t\t\t<div class=\"elementor-container elementor-column-gap-default\">\n\t\t\t\t\t<div class=\"has_eae_slider elementor-column elementor-col-100 elementor-top-column elementor-element elementor-element-f12f8c1\" data-eae-slider=\"10155\" data-id=\"f12f8c1\" data-element_type=\"column\">\n\t\t\t<div class=\"elementor-widget-wrap elementor-element-populated\">\n\t\t\t\t\t\t<div class=\"elementor-element elementor-element-b83c4b1 elementor-widget elementor-widget-heading\" data-id=\"b83c4b1\" data-element_type=\"widget\" data-widget_type=\"heading.default\">\n\t\t\t\t<div class=\"elementor-widget-container\">\n\t\t\t\t\t<h3 class=\"elementor-heading-title elementor-size-default\">Atouts Normandie<\/h3>\t\t\t\t<\/div>\n\t\t\t\t<\/div>\n\t\t\t\t<section class=\"has_eae_slider elementor-section elementor-inner-section elementor-element elementor-element-3b022f3 elementor-section-boxed elementor-section-height-default elementor-section-height-default\" data-eae-slider=\"50059\" data-id=\"3b022f3\" data-element_type=\"section\">\n\t\t\t\t\t\t<div class=\"elementor-container elementor-column-gap-default\">\n\t\t\t\t\t<div class=\"has_eae_slider elementor-column elementor-col-50 elementor-inner-column elementor-element elementor-element-177323e\" data-eae-slider=\"50460\" data-id=\"177323e\" data-element_type=\"column\">\n\t\t\t<div class=\"elementor-widget-wrap elementor-element-populated\">\n\t\t\t\t\t\t<div class=\"elementor-element elementor-element-de85d97 elementor-widget elementor-widget-text-editor\" data-id=\"de85d97\" data-element_type=\"widget\" data-widget_type=\"text-editor.default\">\n\t\t\t\t<div class=\"elementor-widget-container\">\n\t\t\t\t\t\t\t\t\t<p>Pour les jeunes \u00e9ligibles au dispositif Atouts Normandie, vous devez cr\u00e9er un coupon de pr\u00e9paiement au pr\u00e9alable et valider le code de r\u00e9duction\u00a0ATOUTS pour un paiement en ligne.<br \/>Si vous ne savez pas comment cr\u00e9er un coupon de pr\u00e9paiement, voici <span style=\"text-decoration: underline;\"><a href=\"https:\/\/aspttcaenvolley.fr\/wp-content\/uploads\/2022\/08\/Atouts_Normandie_Creer-un-coupon-de-prepaiement.pdf\" target=\"_blank\" rel=\"noopener\">un document explicatif<\/a><\/span>.<\/p>\t\t\t\t\t\t\t\t<\/div>\n\t\t\t\t<\/div>\n\t\t\t\t\t<\/div>\n\t\t<\/div>\n\t\t\t\t<div class=\"has_eae_slider elementor-column elementor-col-50 elementor-inner-column elementor-element elementor-element-7fbdcd0\" data-eae-slider=\"12953\" data-id=\"7fbdcd0\" data-element_type=\"column\">\n\t\t\t<div class=\"elementor-widget-wrap elementor-element-populated\">\n\t\t\t\t\t\t<div class=\"elementor-element elementor-element-f41527a elementor-widget elementor-widget-image\" data-id=\"f41527a\" data-element_type=\"widget\" data-widget_type=\"image.default\">\n\t\t\t\t<div class=\"elementor-widget-container\">\n\t\t\t\t\t\t\t\t\t\t\t\t\t\t\t\t<a href=\"https:\/\/aspttcaenvolley.fr\/wp-content\/uploads\/2025\/09\/flyer_10x15_culture-et-sport_Page_2.jpg\" data-elementor-open-lightbox=\"yes\" data-elementor-lightbox-title=\"flyer_10x15_culture et sport_Page_2\" data-e-action-hash=\"#elementor-action%3Aaction%3Dlightbox%26settings%3DeyJpZCI6NzQwNSwidXJsIjoiaHR0cHM6XC9cL2FzcHR0Y2FlbnZvbGxleS5mclwvd3AtY29udGVudFwvdXBsb2Fkc1wvMjAyNVwvMDlcL2ZseWVyXzEweDE1X2N1bHR1cmUtZXQtc3BvcnRfUGFnZV8yLmpwZyJ9\">\n\t\t\t\t\t\t\t<img decoding=\"async\" src=\"https:\/\/aspttcaenvolley.fr\/wp-content\/uploads\/elementor\/thumbs\/flyer_10x15_culture-et-sport_Page_2-rb7u4f3yy6uv9y6zdg55ci6j1my2imzn3uonvag16o.jpg\" title=\"flyer_10x15_culture et sport_Page_2\" alt=\"flyer_10x15_culture et sport_Page_2\" loading=\"lazy\" \/>\t\t\t\t\t\t\t\t<\/a>\n\t\t\t\t\t\t\t\t\t\t\t\t\t\t\t<\/div>\n\t\t\t\t<\/div>\n\t\t\t\t\t<\/div>\n\t\t<\/div>\n\t\t\t\t\t<\/div>\n\t\t<\/section>\n\t\t\t\t<div class=\"elementor-element elementor-element-b17c379 elementor-widget elementor-widget-heading\" data-id=\"b17c379\" data-element_type=\"widget\" data-widget_type=\"heading.default\">\n\t\t\t\t<div class=\"elementor-widget-container\">\n\t\t\t\t\t<h3 class=\"elementor-heading-title elementor-size-default\">Pass'Sport<\/h3>\t\t\t\t<\/div>\n\t\t\t\t<\/div>\n\t\t\t\t<section class=\"has_eae_slider elementor-section elementor-inner-section elementor-element elementor-element-1601c11 elementor-section-boxed elementor-section-height-default elementor-section-height-default\" data-eae-slider=\"7031\" data-id=\"1601c11\" data-element_type=\"section\">\n\t\t\t\t\t\t<div class=\"elementor-container elementor-column-gap-default\">\n\t\t\t\t\t<div class=\"has_eae_slider elementor-column elementor-col-50 elementor-inner-column elementor-element elementor-element-c96605e\" data-eae-slider=\"8223\" data-id=\"c96605e\" data-element_type=\"column\">\n\t\t\t<div class=\"elementor-widget-wrap elementor-element-populated\">\n\t\t\t\t\t\t<div class=\"elementor-element elementor-element-cb9d49b elementor-widget elementor-widget-image\" data-id=\"cb9d49b\" data-element_type=\"widget\" data-widget_type=\"image.default\">\n\t\t\t\t<div class=\"elementor-widget-container\">\n\t\t\t\t\t\t\t\t\t\t\t\t\t\t\t\t<a href=\"https:\/\/aspttcaenvolley.fr\/wp-content\/uploads\/2025\/09\/flyer_pass_sport_2025_Page_2.jpg\" data-elementor-open-lightbox=\"yes\" data-elementor-lightbox-title=\"flyer_pass_sport_2025_Page_2\" data-e-action-hash=\"#elementor-action%3Aaction%3Dlightbox%26settings%3DeyJpZCI6NzQwOSwidXJsIjoiaHR0cHM6XC9cL2FzcHR0Y2FlbnZvbGxleS5mclwvd3AtY29udGVudFwvdXBsb2Fkc1wvMjAyNVwvMDlcL2ZseWVyX3Bhc3Nfc3BvcnRfMjAyNV9QYWdlXzIuanBnIn0%3D\">\n\t\t\t\t\t\t\t<img decoding=\"async\" src=\"https:\/\/aspttcaenvolley.fr\/wp-content\/uploads\/elementor\/thumbs\/flyer_pass_sport_2025_Page_2-rb7u82pdizv0fcvu110x1kz27kxgg9i29y0n210wzk.jpg\" title=\"flyer_pass_sport_2025_Page_2\" alt=\"flyer_pass_sport_2025_Page_2\" loading=\"lazy\" \/>\t\t\t\t\t\t\t\t<\/a>\n\t\t\t\t\t\t\t\t\t\t\t\t\t\t\t<\/div>\n\t\t\t\t<\/div>\n\t\t\t\t\t<\/div>\n\t\t<\/div>\n\t\t\t\t<div class=\"has_eae_slider elementor-column elementor-col-50 elementor-inner-column elementor-element elementor-element-e098a81\" data-eae-slider=\"20422\" data-id=\"e098a81\" data-element_type=\"column\">\n\t\t\t<div class=\"elementor-widget-wrap elementor-element-populated\">\n\t\t\t\t\t\t<div class=\"elementor-element elementor-element-df310e5 elementor-widget elementor-widget-text-editor\" data-id=\"df310e5\" data-element_type=\"widget\" data-widget_type=\"text-editor.default\">\n\t\t\t\t<div class=\"elementor-widget-container\">\n\t\t\t\t\t\t\t\t\t<p>Pour les jeunes \u00e9ligibles au dispositif Pass&rsquo;Sport, un code vous sera envoy\u00e9 par mail pendant l&rsquo;\u00e9t\u00e9 et vous devrez nous fournir ce code avec votre inscription en nous faisant suivre le mail re\u00e7u ou en fournissant une copie papier ou num\u00e9rique de ce mail.<br \/>Le code de r\u00e9duction \u00e0 indiquer\u00a0pour un paiement en ligne\u00a0est\u00a0PASS SPORT.<\/p><p>\u00a0<\/p><p>Vous pouvez retrouver l&rsquo;ensemble des informations de ce dispositif sur le\u00a0<a style=\"color: #000000;\" href=\"https:\/\/www.sports.gouv.fr\/pratiques-sportives\/sports-pour-tous\/pass-sport\/\" target=\"_blank\" rel=\"noopener\"><span style=\"text-decoration-line: underline;\">site d\u00e9di\u00e9<\/span><\/a>.<\/p>\t\t\t\t\t\t\t\t<\/div>\n\t\t\t\t<\/div>\n\t\t\t\t\t<\/div>\n\t\t<\/div>\n\t\t\t\t\t<\/div>\n\t\t<\/section>\n\t\t\t\t<div class=\"elementor-element elementor-element-edce238 elementor-widget elementor-widget-text-editor\" data-id=\"edce238\" data-element_type=\"widget\" data-widget_type=\"text-editor.default\">\n\t\t\t\t<div class=\"elementor-widget-container\">\n\t\t\t\t\t\t\t\t\t<p><strong>Si vos r\u00e9ductions ne sont pas valides, le club se r\u00e9serve la possibilit\u00e9 de ne pas valider votre inscription et de vous demander un paiement compl\u00e9mentaire.<\/strong><\/p>\t\t\t\t\t\t\t\t<\/div>\n\t\t\t\t<\/div>\n\t\t\t\t\t<\/div>\n\t\t<\/div>\n\t\t\t\t\t<\/div>\n\t\t<\/section>\n\t\t\t\t<section class=\"has_eae_slider elementor-section elementor-inner-section elementor-element elementor-element-9d3826d elementor-section-boxed elementor-section-height-default elementor-section-height-default\" data-eae-slider=\"64523\" data-id=\"9d3826d\" data-element_type=\"section\" id=\"ancre-tarifs\" data-settings=\"{&quot;background_background&quot;:&quot;classic&quot;}\">\n\t\t\t\t\t\t<div class=\"elementor-container elementor-column-gap-default\">\n\t\t\t\t\t<div class=\"has_eae_slider elementor-column elementor-col-100 elementor-inner-column elementor-element elementor-element-0af2d8e pratiques\" data-eae-slider=\"51620\" data-id=\"0af2d8e\" data-element_type=\"column\">\n\t\t\t<div class=\"elementor-widget-wrap elementor-element-populated\">\n\t\t\t\t\t\t<div class=\"elementor-element elementor-element-20bba16 elementor-widget elementor-widget-heading\" data-id=\"20bba16\" data-element_type=\"widget\" data-widget_type=\"heading.default\">\n\t\t\t\t<div class=\"elementor-widget-container\">\n\t\t\t\t\t<h2 class=\"elementor-heading-title elementor-size-default\">TARIFS<\/h2>\t\t\t\t<\/div>\n\t\t\t\t<\/div>\n\t\t\t\t<div class=\"elementor-element elementor-element-51fa3b38 elementor-widget elementor-widget-heading\" data-id=\"51fa3b38\" data-element_type=\"widget\" data-widget_type=\"heading.default\">\n\t\t\t\t<div class=\"elementor-widget-container\">\n\t\t\t\t\t<h2 class=\"elementor-heading-title elementor-size-default\">adh\u00e9sion 2025-2026<\/h2>\t\t\t\t<\/div>\n\t\t\t\t<\/div>\n\t\t\t\t<div class=\"elementor-element elementor-element-2f95fc0 elementor-widget-divider--view-line elementor-widget elementor-widget-divider\" data-id=\"2f95fc0\" data-element_type=\"widget\" data-widget_type=\"divider.default\">\n\t\t\t\t<div class=\"elementor-widget-container\">\n\t\t\t\t\t\t\t<div class=\"elementor-divider\">\n\t\t\t<span class=\"elementor-divider-separator\">\n\t\t\t\t\t\t<\/span>\n\t\t<\/div>\n\t\t\t\t\t\t<\/div>\n\t\t\t\t<\/div>\n\t\t\t\t<div class=\"elementor-element elementor-element-6344fe2 elementor-widget elementor-widget-image\" data-id=\"6344fe2\" data-element_type=\"widget\" data-widget_type=\"image.default\">\n\t\t\t\t<div class=\"elementor-widget-container\">\n\t\t\t\t\t\t\t\t\t\t\t\t\t\t\t<img decoding=\"async\" src=\"https:\/\/aspttcaenvolley.fr\/wp-content\/uploads\/elementor\/thumbs\/tarifs-25-26-rb7slulfnskfcm3rvar0bo7opqtg550q1gemanrtjs.jpg\" title=\"tarifs 25-26\" alt=\"tarifs 25-26\" loading=\"lazy\" \/>\t\t\t\t\t\t\t\t\t\t\t\t\t\t\t<\/div>\n\t\t\t\t<\/div>\n\t\t\t\t\t<\/div>\n\t\t<\/div>\n\t\t\t\t\t<\/div>\n\t\t<\/section>\n\t\t\t\t<\/div>\n\t\t","protected":false},"excerpt":{"rendered":"<p>INSCRIPTIONS Vous trouverez ci-dessous toutes les informations concernant l&rsquo;adh\u00e9sion \u00e0 notre club, les documents \u00e0 fournir et les tarifs d&rsquo;adh\u00e9sion. La carte pour situer notre gymnase et un formulaire de contact sont \u00e0 votre disposition dans la rubrique Infos pratiques. INSCRIPTIONS 2025-2026 Nous allons utiliser \u00e0 nouveau l&rsquo;application MonClub pour g\u00e9rer nos adh\u00e9sions cette ann\u00e9e.&hellip; <a class=\"more-link\" href=\"https:\/\/aspttcaenvolley.fr\/index.php\/inscriptions\/\">Poursuivre la lecture <span class=\"screen-reader-text\">INSCRIPTIONS<\/span><\/a><\/p>\n","protected":false},"author":1,"featured_media":0,"parent":0,"menu_order":0,"comment_status":"closed","ping_status":"closed","template":"elementor_header_footer","meta":{"om_disable_all_campaigns":false,"_uf_show_specific_survey":0,"_uf_disable_surveys":false,"footnotes":""},"class_list":["post-6343","page","type-page","status-publish","hentry","entry"],"aioseo_notices":[],"_links":{"self":[{"href":"https:\/\/aspttcaenvolley.fr\/index.php\/wp-json\/wp\/v2\/pages\/6343","targetHints":{"allow":["GET"]}}],"collection":[{"href":"https:\/\/aspttcaenvolley.fr\/index.php\/wp-json\/wp\/v2\/pages"}],"about":[{"href":"https:\/\/aspttcaenvolley.fr\/index.php\/wp-json\/wp\/v2\/types\/page"}],"author":[{"embeddable":true,"href":"https:\/\/aspttcaenvolley.fr\/index.php\/wp-json\/wp\/v2\/users\/1"}],"replies":[{"embeddable":true,"href":"https:\/\/aspttcaenvolley.fr\/index.php\/wp-json\/wp\/v2\/comments?post=6343"}],"version-history":[{"count":115,"href":"https:\/\/aspttcaenvolley.fr\/index.php\/wp-json\/wp\/v2\/pages\/6343\/revisions"}],"predecessor-version":[{"id":7421,"href":"https:\/\/aspttcaenvolley.fr\/index.php\/wp-json\/wp\/v2\/pages\/6343\/revisions\/7421"}],"wp:attachment":[{"href":"https:\/\/aspttcaenvolley.fr\/index.php\/wp-json\/wp\/v2\/media?parent=6343"}],"curies":[{"name":"wp","href":"https:\/\/api.w.org\/{rel}","templated":true}]}}